.
3
Let s(n) = -n**2 - 21908*n - 481487. What is s(-22)?
5
Let s(q) = 195115*q + 585369. Calculate s(-3).
24
Let d(j) = -15049*j - 42. Give d(0).
-42
Let x(d) = 3*d**3 - 5*d**2 + 135*d - 928. What is x(5)?
-3
Let i(l) = -27*l**2 - 90*l + 367. Give i(4).
-425
Let f(q) = -6*q**2 - 156*q + 1663. Calculate f(8).
31
Let u(w) = -w**3 - 160*w**2 - 4961*w - 975. What is u(-118)?
-385
Let i(v) = 5*v**2 - 449*v + 9790. Calculate i(57).
442
Let y(f) = -2155*f**2 - 12779*f + 951. Give y(-6).
45
Let a(p) = 62397*p - 623977. Determine a(10).
-7
Let r(n) = n**3 + 30*n**2 - 308*n - 1790. Calculate r(-37).
23
Let b(f) = -f**3 - 46*f**2 - 137*f - 4030. Give b(-45).
110
Let h(w) = -5*w**2 - 3572*w + 81004. Determine h(22).
0
Let q(o) = 168821*o + 14856258. Give q(-88).
10
Let f(q) = -2238*q + 8930. Give f(4).
-22
Let r(a) = -53*a**2 - 72*a - 556. Give r(-9).
-4201
Let o(j) = j**2 - 120*j + 1190. Give o(19).
-729
Let p(y) = -16*y**2 - 286*y - 880. Calculate p(-3).
-166
Let g(u) = -4*u**3 + 31*u**2 + 438*u - 3192. What is g(7)?
21
Let c(g) = -578*g + 75524. Give c(130).
384
Let m(o) = o**3 - 157*o**2 - 8*o - 277. Give m(157).
-1533
Let s(x) = 20462*x - 368300. What is s(18)?
16
Let q(a) = 3816*a - 145085. Give q(38).
-77
Let o(a) = 3*a**2 + 1528*a + 47901. Give o(-476).
301
Let p(w) = -18*w**3 - 4356*w**2 + 3*w + 739. Give p(-242).
13
Let j(c) = -c**2 + 5*c + 2684. What is j(78)?
-3010
Let d(w) = 2*w**3 - 1337*w**2 - 16307*w + 302. Calculate d(-12).
2
Let x(s) = -s**3 - 3707*s**2 + 26000*s - 5. Calculate x(7).
9
Let s(d) = d**3 + 207*d**2 + 3411*d + 146. Give s(-18).
-16
Let g(q) = -3*q**2 - 3761*q - 14978. What is g(-4)?
18
Let u(z) = -199*z - 1105. Give u(-4).
-309
Let l(w) = 4*w**2 + 3754*w - 449829. Calculate l(-1046).
-49
Let j(s) = -s**3 - 659*s**2 - 63838*s + 90. Determine j(-118).
90
Let t(p) = p**2 - 112*p - 16242. Calculate t(-85).
503
Let k(c) = -2*c**2 - 3*c + 321. Give k(-18).
-273
Let z(f) = -4089*f - 49033. Calculate z(-12).
35
Let l(b) = -2*b**3 - 53*b**2 + 169*b - 9. Give l(3).
-33
Let x(j) = 17*j**3 - 1106*j**2 + 71*j - 303. Give x(65).
87
Let k(n) = -10786*n - 32313. Determine k(-3).
45
Let n(h) = 30*h**2 - 3481*h - 6959. Determine n(-2).
123
Let q(b) = -222*b + 1799. Calculate q(9).
-199
Let k(g) = -3*g**3 + 124*g**2 - 702*g + 46373. What is k(44)?
-3
Let a(h) = h**3 + 34*h**2 + 123*h + 52. Give a(-30).
-38
Let q(w) = w**2 - 3216*w + 130268. Determine q(41).
93
Let y(b) = -b**3 + 23*b**2 + 3275*b + 1041. What is y(70)?
-9
Let z(m) = m**3 + 55*m**2 - 963*m + 6076. Give z(-70).
-14
Let x(r) = -13019*r + 208356. What is x(16)?
52
Let s(i) = -28*i**2 + 13098*i - 39322. What is s(3)?
-280
Let y(m) = 176*m**3 + 5*m**2 - 553*m - 1116. Calculate y(-2).
-1398
Let f(j) = 4985*j + 423723. What is f(-85)?
-2
Let b(r) = -2297*r - 174431. Give b(-76).
141
Let r(d) = 988*d - 2685. Determine r(3).
279
Let o(s) = -21495*s + 472885. Determine o(22).
-5
Let f(b) = -40*b + 3547. Give f(99).
-413
Let w(t) = t**3 + 147*t**2 - 885*t + 6257. Calculate w(-153).
1208
Let d(a) = 43846*a + 1841477. Calculate d(-42).
-55
Let q(j) = 3*j**3 - 12*j**2 - 1735*j - 5127. What is q(-3)?
-111
Let b(k) = -16*k**2 - 4956*k - 19807. What is b(-4)?
-239
Let i(l) = -6*l**3 - 88*l**2 - 86*l + 1. Give i(-1).
5
Let c(x) = 935*x**3 - 6*x**2 + 11*x - 1. Give c(1).
939
Let w(c) = -61983*c + 185958. Calculate w(3).
9
Let r(p) = 5*p**2 - 937*p + 488. Calculate r(187).
114
Let t(g) = 86*g + 30357. Give t(-353).
-1
Let d(b) = -b**2 - 510*b + 18176. Determine d(33).
257
Let g(m) = -10*m**2 + 114*m + 5738. What is g(-19)?
-38
Let f(a) = -351*a**2 - 106*a + 3. Calculate f(0).
3
Let g(f) = -12*f**2 - 82*f - 25. Give g(-7).
-39
Let y(u) = 4*u**3 + 80*u**2 - 557*u + 18. Give y(6).
420
Let i(p) = -49503*p + 346452. Determine i(7).
-69
Let c(z) = -423064*z - 56690579. Determine c(-134).
-3
Let q(t) = 23182*t - 46317. Determine q(2).
47
Let f(r) = -43*r - 1508. What is f(-77)?
1803
Let q(m) = -14322*m + 128893. What is q(9)?
-5
Let q(o) = 14654*o + 2994. Determine q(0).
2994
Let f(b) = -28241*b**2 + 451858*b + 10. Determine f(16).
42
Let k(a) = 14887*a - 15035873. What is k(1010)?
-3
Let d(n) = 2*n**2 - 966*n + 90966. Calculate d(355).
86
Let s(k) = -2*k**2 - 50*k - 1639. Give s(-27).
-1747
Let i(w) = -w**3 + 87*w**2 - 11*w + 976. Determine i(87).
19
Let a(l) = l**3 - 100*l**2 + 3257*l - 353023. Determine a(102).
-1
Let a(f) = 2*f**2 - 106*f + 705. What is a(39)?
-387
Let z(x) = 3*x**2 + 209315*x - 4187497. What is z(20)?
3
Let i(k) = -k**3 + k**2 + 143*k - 1358. Calculate i(10).
-828
Let a(k) = -403*k + 13081. Give a(33).
-218
Let u(t) = 711*t**2 + 17770*t - 134. Determine u(-25).
-9
Let u(h) = -131*h + 2648. Give u(22).
-234
Let d(k) = 4*k**2 + 835*k - 6628. Calculate d(-216).
-364
Let a(t) = 2*t**2 + 269*t + 8455. Determine a(-50).
5
Let x(c) = -52*c**3 - 7231*c**2 - 414*c + 421. What is x(-139)?
4
Let h(r) = r**3 - 19*r**2 - 14*r + 1117. Calculate h(15).
7
Let b(n) = -263595*n + 790786. Determine b(3).
1
Let z(r) = -3*r**2 - 282*r + 721. Give z(-97).
-152
Let y(t) = -3*t**3 + 11*t**2 - 3060*t + 9166. Calculate y(3).
4
Let a(u) = 19*u**3 - 165*u**2 + 67*u + 92. Give a(9).
1181
Let j(r) = -10504*r - 105003. Calculate j(-10).
37
Let u(s) = -4*s**2 + 2286*s + 11513. What is u(-5)?
-17
Let f(v) = 62284*v - 1868501. Give f(30).
19
Let i(c) = c**3 + 22*c**2 + 41*c - 84. Give i(-25).
-2984
Let a(b) = 18*b**2 + 30535*b - 122151. Determine a(4).
277
Let f(p) = 10*p**2 + 10970*p - 54892. What is f(5)?
208
Let p(z) = -z**2 - 194*z + 8277. What is p(36)?
-3
Let f(n) = -319*n**2 - 40835*n - 135. Determine f(-128).
249
Let q(v) = -1961*v**2 - 15689*v - 24. Give q(-8).
-16
Let q(i) = i**2 - 5093*i + 287417. Determine q(57).
365
Let w(o) = -2225*o**2 + 68975*o + 7. What is w(31)?
7
Let q(b) = -13*b - 18. Calculate q(28).
-382
Let f(d) = 228*d - 13648. What is f(60)?
32
Let k(c) = -c**3 + 20*c**2 + 549*c - 3955. Calculate k(33).
5
Let w(p) = 113*p - 2989. Calculate w(26).
-51
Let m(s) = -26*s**2 - 473*s + 2870. Give m(-23).
-5
Let m(s) = -533*s + 1985. What is m(4)?
-147
Let c(n) = 27417*n + 1288581. What is c(-47)?
-18
Let y(b) = 7*b**2 + 956*b - 1230. Give y(-138).
150
Let y(n) = 21*n**2 + 9575*n - 10143. Give y(-457).
-89
Let u(p) = p**3 - 32*p**2 + 20572*p - 264219. Determine u(13).
6
Let y(s) = -279*s**2 + 6139*s - 8. Determine y(22).
14
Let j(c) = 1001*c + 46356. Calculate j(-46).
310
Let n(g) = g**2 + 147*g - 78424. Give n(216).
-16
Let y(u) = -2*u**3 - 378*u**2 - 750*u + 1. Give y(-2).
5
Let o(v) = -2*v**2 - 131764*v + 922462. What is o(7)?
16
Let n(h) = -239*h - 2190. Determine n(-8).
-278
Let z(d) = -d**2 + 2459*d - 1278859. Give z(747).
5
Let w(h) = -14380*h + 71377. What is w(5)?
-523
Let x(q) = -q**2 - 2692*q + 233206. Calculate x(84).
22
Let p(k) = 9*k**2 - 95*k + 529. Give p(6).
283
Let t(a) = -a**3 + 29*a**2 + 808*a - 7790. Give t(8).
18
Let f(j) = -5*j**2 - 899*j + 95520. Determine f(75).
-30
Let a(p) = 3180*p - 10719. Give a(5).
5181
Let u(i) = -649*i + 70593. Calculate u(110).
-797
Let w(y) = 4*y**2 - 432*y - 179. What is w(106)?
-1027
Let n(y) = 154*y - 2465. Determine n(13).
-463
Let j(n) = 2*n**3 + 15*n**2 + 62*n + 267. What is j(-6)?
3
Let n(a) = 4*a**3 - 126*a**2 - 1557*a - 37. Determine n(41).
4
Let z(c) = 1904*c - 875832. What is z(460)?
8
Let f(r) = -279*r**2 + 90*r + 183. Calculate f(-2).
-1113
Let a(o) = 18079*o + 18100. Calculate a(-1).
21
Let b(d) = -d**3 + 25*d**2 - 6*d + 120. Calculate b(10).
1560
Let a(m) = -m**3 + 19*m**2 + 985*m - 20758. Calculate a(27).
5
Let i(n) = -3*n**2 - 11476*n + 405343. Determine i(35).
8
Let u(q) = -319*q + 8387. Give u(25).
412
Let i(j) = 851*j + 24643. Calculate i(-29).
-36
Let j(a) = 9*a**3 + 760*a**2 + 320*a - 1352. Give j(-84).
-8
Let i(n) = -7933*n + 95212. Calculate i(12).
16
Let g(a) = a**3 - 1102*a**2 - 10027*a + 31186. Give g(1111).
78
Let i(y) = 4*y**2 - 164*y + 956. Give i(54).
3764
Let y(j) = 3*j**3 + 13*j**2 - 820*j + 318. Determine y(-19).
14
Let l(w) = 285*w + 4833. What is l(-19)?
-582
Let z(k) = 12*k**2 - 1358*k + 733. Determine z(113).
507
Let z(y) = 141*y**2 - 32992*y - 506. Give z(234).
-38
Let b(f) = -f**2 + 1997*f + 536865. What is b(-240)?
-15
Let d(x) = -62*x**2 - 11655*x + 17. Give d(-188).
-171
Let j(b) = -b**3 - 9*b**2 - 118